1?
-13313
In base 10, what is -52 + 10?
-42
In base 13, what is -5 - -cb4?
cac
In base 6, what is 40 + -2?
34
In base 5, what is 332 + -2?
330
In base 13, what is a + 2c9?
306
In base 4, what is 1021 + -1003?
12
In base 4, what is 220213 - 3?
220210
In base 5, what is 4 + -22?
-13
In base 6, what is -324 + -2?
-330
In base 11, what is -5 - 8?
-12
In base 14, what is -3 - 133?
-136
In base 13, what is 5 - -48b?
493
In base 11, what is -1 + 16?
15
In base 7, what is -130 - -46?
-51
In base 6, what is 3322 - 2?
3320
In base 13, what is -104 - -4?
-100
In base 5, what is -10 + 231?
221
In base 2, what is 11 + -1001101000?
-1001100101
In base 2, what is 1100101100111 + 100?
1100101101011
In base 10, what is 3350 + -2?
3348
In base 11, what is -23 - -13?
-10
In base 6, what is -252452 - -4?
-252444
In base 7, what is 14 + 0?
14
In base 8, what is 310 - -5?
315
In base 9, what is 67 - -45?
123
In base 9, what is -7 - -10?
2
In base 12, what is -1 - -31b9?
31b8
In base 7, what is -3 + -33532?
-33535
In base 7, what is -1 - -5544?
5543
In base 12, what is -3 - -b5?
b2
In base 12, what is a79 + -1?
a78
In base 2, what is 11010000 - 11?
11001101
In base 10, what is 497 - 3?
494
In base 16, what is 57 - 1?
56
In base 5, what is -2412 - 1?
-2413
In base 4, what is 10 - 210100?
-210030
In base 10, what is -9 - -517?
508
In base 11, what is 3 + 1668?
1670
In base 11, what is -2 - -76a3?
76a1
In base 13, what is -88 + 1?
-87
In base 10, what is 11 + 255?
266
In base 11, what is 644 - 5?
63a
In base 13, what is a + -2?
8
In base 13, what is -5 - -13a?
135
In base 6, what is -1 + -2055?
-2100
In base 4, what is -11331 + 11?
-11320
In base 9, what is 10616 + 2?
10618
In base 10, what is 22 - 2?
20
In base 9, what is -24 - -273?
248
In base 3, what is 2 + 10?
12
In base 6, what is -1251 - -4?
-1243
In base 2, what is 1000 + 1010101?
1011101
In base 13, what is -10 + -170?
-180
In base 7, what is -3 + -130?
-133
In base 6, what is 3220 - 2?
3214
In base 6, what is -4 + -1510?
-1514
In base 4, what is 232222 + 0?
232222
In base 6, what is 4 - -4021?
4025
In base 6, what is 101 - 10?
51
In base 9, what is -34 + 77?
43
In base 4, what is -212 + 13012?
12200
In base 11, what is -2371 + -5?
-2376
In base 3, what is 112112 + 12?
112201
In base 5, what is 22141 + 4?
22200
In base 8, what is -36073 + -3?
-36076
In base 7, what is -51026 + 4?
-51022
In base 3, what is 10 + 1012?
1022
In base 4, what is -20122 + 3?
-20113
In base 8, what is -202 - 2?
-204
In base 16, what is 2d0 - 3?
2cd
In base 11, what is 172 + -5?
168
In base 7, what is -5 + -555?
-563
In base 2, what is 110101001 + 101?
110101110
In base 12, what is -2 - -14?
12
In base 3, what is 10 + 1021121?
1021201
In base 12, what is -34 + 12?
-22
In base 15, what is -e + 4?
-a
In base 9, what is 22176 + 1?
22177
In base 11, what is 4 + -93?
-8a
In base 11, what is -52 - 31?
-83
In base 15, what is -1 - 457?
-458
In base 15, what is -41 + 24?
-1c
In base 11, what is -5 + 1575?
1570
In base 5, what is -1420 - 12?
-1432
In base 5, what is 0 - 10?
-10
In base 6, what is -3 + 12?
5
In base 11, what is 3 - 34?
-31
In base 14, what is -4 + -4d?
-53
In base 6, what is -130 + 14?
-112
In base 5, what is 221 + -3?
213
In base 8, what is -4 + -4775?
-5001
In base 5, what is 4 - -1313?
1322
In base 8, what is -2 - 61?
-63
In base 8, what is 4 + 15606?
15612
In base 11, what is 3 + -367?
-364
In base 15, what is 1 + c82?
c83
In base 13, what is 0 + -271?
-271
In base 15, what is -e + 7?
-7
In base 4, what is -23311 + -3?
-23320
In base 7, what is -3 + -5302?
-5305
In base 7, what is -3 + 1061?
1055
In base 13, what is 0 - 37?
-37
In base 11, what is -1621 + -5?
-1626
In base 10, what is -1065 + 0?
-1065
In base 12, what is 2122 + 0?
2122
In base 8, what is -1536 + -3?
-1541
In base 14, what is -249 + 12?
-237
In base 9, what is 4 - 1468?
-1464
In base 3, what is -1 + -1121122?
-1121200
In base 6, what is -100240 + -4?
-100244
In base 10, what is 2273 - 11?
2262
In base 4, what is -302 - -232?
-10
In base 13, what is 2 - -266?
268
In base 8, what is 0 + -63?
-63
In base 5, what is 1401 - 1?
1400
In base 2, what is 11 - 101011010?
-101010111
In base 14, what is -2 - 37c?
-380
In base 7, what is -113 + 253?
140
In base 10, what is -363 + 3?
-360
In base 4, what is -101222 - -11?
-101211
In base 8, what is -14 + -313?
-327
In base 11, what is 18a + -8?
182
In base 15, what is -1 - 12?
-13
In base 7, what is -15501 - -4?
-15464
In base 3, what is 10 + -10010?
-10000
In base 8, what is -624 + -5?
-631
In base 8, what is -2204 + 11?
-2173
In base 2, what is -101001 + -100?
-101101
In base 8, what is -2717 + 1?
-2716
In base 3, what is 12220 + -1000?
11220
In base 4, what is -1222102 + 2?
-1222100
In base 12, what is -12a6 - 4?
-12aa
In base 10, what is -896 - 1?
-897
In base 5, what is 4244 - 10?
4234
In base 15, what is 1bc + 6?
1c3
In base 8, what is -10 + 34?
24
In base 5, what is -2 + -2114?
-2121
In base 14, what is 1a - -19?
35
In base 11, what is -303 + 70?
-243
In base 15, what is 2 + 11c?
11e
In base 11, what is 4891 + -3?
4889
In base 12, what is 325 + -5?
320
In base 4, what is -1003103 - 3?
-1003112
In base 14, what is -c - -15?
7
In base 8, what is 12666 - -5?
12673
In base 2, what is -11010 - 1010?
-100100
In base 2, what is 100 + -1100001001?
-1100000101
In base 5, what is -4 - -24401?
24342
In base 2, what is -1010110110 + 1011?
-1010101011
In base 12, what is 4 + -41?
-39
In base 13, what is 27 + 0?
27
In base 12, what is -3 - -415?
412
In base 13, what is -5 + -950?
-955
In base 7, what is -10 - -52?
42
In base 5, what is -2020 + -1?
-2021
In base 16, what is 7 + -245?
-23e
In base 15, what is -15 - -6?
-e
In base 13, what is 9 - -2?
b
In base 10, what is 261 + -1?
260
In base 13, what is -49 - 1?
-4a
In base 16, what is -13 - 18?
-2b
In base 14, what is 42 + -9?
37
In base 16, what is 31 + -a?
27
In base 6, what is 144 - 1?
143
In base 8, what is 7 + 73?
102
In base 16, what is 1d - 5?
18
In base 16, what is 3d2c - -3?
3d2f
In base 7, what is 15 - 104?
-56
In base 15, what is -84 - -2c?
-57
In base 10, what is -2762 + -5?
-2767
In base 11, what is -6 - 335?
-340
In base 13, what is -24 - 3?
-27
In base 11, what is -1963 - 4?
-1967
In base 10, what is -5 - 5?
-10
In base 16, what is c19 - 1?
c18
In base 10, what is -43 - -415?
372
In base 9, what is 120 - 21?
88
In base 3, what is -1122002 + -1?
-1122010
In base 3, what is 2100 + 2020?
11120
In base 7, what is -640 - 13?
-653
In base 10, what is 25 + 44?
69
In base 12, what is 8 - -16?
22
In base 3, what is -10121220 + 12?
-10121201
In base 2, what is -1010111 + -11110?
-1110101
In base 11, what is a3 + -12?
91
In base 14, what is 1 + -23?
-22
In base 14, what is -80 + -c?
-8c
In base 13, what is -4 - -560?
559
In base 9, what is 5 + 106?
112
In base 15, what is -2e + -22?
-51
In base 4, what is -2 + 102323?
102321
In base 8, what is 13467 - -2?
13471
In base 12, what is -4 + 7b?
77
In base 8, what is 3 - 360?
-355
In base 8, what is -1 - -143?
142
In base 14, what is 246 + -68?
1bc
In base 8, what is 1230 - 5?
1223
In base 11, what is -4 - 91?
-95
In base 2, what is -1000011011 - -1000?
-1000010011
In base 11, what is -96 + 16?
-80
In base 13, what is -6 + -1542?
-1548
In base 4, what is -21111010 + 3?
-21111001
In base 11, what is -28 + -3?
-30
In base 3, what is -2212 + -2011?
-12000
In base 6, what is 11034 - -5?
11043
In base 10, what is -106 - -6?
-100
In base 14, what is -3 - -94?
91
In base 12, what is -567 - -4?
-563
In base 12, what is -4bb1 - -2?
-4bab
In base 2, what is 10111100 + -10001?
10101011
In base 9, what is 1 + -804?
-803
In base 14, what is 4 - 6b9?
-6b5
In base 9, what is -462 - 2?
-464
In base 11, what is -86 + 21?
-65
In base 13, what is -3 - -1863?
1860
In base 12, what is -a6 + 0?
-a6
In base 6, what is -30 + 3?
-23
In base 15, what is 43 + -3?
40
In base 6, what is -4015 - -5?
-4010
In base 11, what is -266 + -3?
-269
In base 12, what is -640 + 8?
-634
In base 9, what is 13 - -35?
48
In base 2, what is 1 + -1010101011?
-1010101010
In base 14, what is 5 + 37?
3c
In base 5, what is -3 - 21130?
-21133
In base 4, what is -1 - -2022?
2021
In base 14, what is -1 + -607?
-608
In base 14, what is -2041 - 2?
-2043
In base 6, what is 5 + -50?
